. Let w be 18/27 + (-1)/r + 56. What is the highest common divisor of 19 and w?
19
Let d(n) = -n + 191. Suppose z = 63 - 22. Let k be d(z). What is the highest common divisor of k and 10?
10
Let f(u) = 5*u**2 - 3*u + 7. Let l be f(6). Let j = 85 - 70. Suppose 5*v = -5*c + 6*c + 68, -5*c = j. Calculate the highest common divisor of l and v.
13
Let g = -5 - 4. Let i = 1 - g. Let f(q) = 11*q**2 - 63*q - 8. Let z be f(7). Calculate the greatest common divisor of i and z.
10
Suppose 17*g - 15*g - 242 = -9*g. What is the highest common factor of g and 3421?
11
Let b be (936/(-13))/(-2)*5/(30/8). What is the greatest common factor of 36 and b?
12
Let r be ((-88)/(-10))/(370/(-1295) + 24/35). Suppose -2*o + 36 = -382. Calculate the greatest common factor of r and o.
11
Let i(t) = t**2 - 16*t + 74. Suppose 4*f - 23 = -o - 21, 4*f = -4. Let m be i(o). What is the greatest common divisor of m and 1246?
14
Suppose 2*f = 9*f + 2*k - 346, 5*f = 3*k + 225. What is the highest common factor of f and 54?
6
Let r(d) = d**3 + 10*d**2 + 11*d + 18. Let j be r(-9). Suppose 0 = -2*q - 3*q + 100. Let u be q*(j - -3)/6. Calculate the greatest common divisor of u and 10.
10
Let k(d) = -d + 6. Let m be k(3). Suppose 1682 = -4*w + 33*w. Let s = -34 + w. Calculate the greatest common divisor of m and s.
3
Let a(o) = -o**3 - 7*o**2 + 6*o - 12. Let x be a(-8). Suppose -2*v + x*z = -70, 234 = 5*v + 5*z + 44. Calculate the highest common factor of 296 and v.
37
Let d(p) = -26*p + 356. Let n be d(6). Calculate the highest common divisor of 6 and n.
2
Suppose -2*s + 0*s + 242 = 0. Let l be (-2 + (-472)/(-12))*6. Let m be (-3)/15 - l/(-20). What is the greatest common factor of m and s?
11
Let c(r) = 10*r**3 - 17*r**2 + 55*r - 19. Let i be c(8). What is the greatest common factor of 61 and i?
61
Let s be ((-63)/1)/(-3) + 2/2. Suppose 20*m = 22*m - s. Suppose 2*y + 5*t + m = -8, -y - 5*t = 22. Calculate the highest common factor of y and 15.
3
Suppose -36*r = -743 - 877. What is the greatest common factor of r and 369?
9
Suppose -34*r + 1853 - 1119 = -1306. What is the highest common divisor of r and 492?
12
Let y = 1435 - 1120. What is the highest common factor of y and 30?
15
Let x(i) = -5*i**2 + 34*i - 104. Let r(n) = 2*n**2. Let g(q) = 2*r(q) + x(q). Let s be g(24). What is the greatest common divisor of 17 and s?
17
Let s(u) = -2*u - 20. Let f be s(-28). Suppose 0 = 5*g - 0*g + 5*v - 70, 2*g + v = 26. What is the highest common divisor of g and f?
12
Suppose -261 = 4*o - 7*o. Let c(d) = 3*d**2 - 266*d - 1180. Let k be c(93). Calculate the highest common factor of k and o.
29
Let a(w) = -w**2 + 21*w - 29. Let j be a(19). Suppose 6*z = j*z - 15. Suppose -8*h = -z*h - 108. What is the highest common divisor of h and 4?
4
Let j be (2/(-2) - 397)/(0 - -2). Let g = -34 - j. Calculate the highest common factor of 99 and g.
33
Let o be (36/(-16))/((-27)/(-72)). Let l(x) = -x**2 - 8*x - 4. Let a be l(o). What is the greatest common factor of a and 88?
8
Let t be 469 + (-8)/(-1 + -1). Suppose v - 131 = -3*j + 6, 4*v = 3*j + t. What is the greatest common divisor of v and 61?
61
Let y = 17912 - 7860. Calculate the highest common factor of y and 14.
14
Let m = -110 + -128. Let p = m - -368. Suppose -s - 3*g + 38 = 0, -g - 4*g = 2*s - 72. What is the highest common divisor of s and p?
26
Let y = -19132 - -19248. Calculate the highest common divisor of 7250 and y.
58
Let k = -16 + 74. Suppose k*l - 8 = 54*l. Suppose 0 = -y - l*g + 11, y - 4*g + 5 + 2 = 0. What is the highest common factor of 20 and y?
5
Let a be (0 + 46050)/5*(-2)/(-4). What is the greatest common divisor of 15 and a?
15
Let d be (-1 + 1/5)*-5. Suppose 0 = -5*b + 5*h + 160, -5*b - 13*h + 10*h = -176. Let r = b - 6. Calculate the highest common divisor of r and d.
4
Suppose -3048 = -3*q + 3*y, 636*q - 635*q = 3*y + 1016. What is the greatest common factor of 1143 and q?
127
Let z(b) = -b**2 + 123*b + 60. Let p be z(82). Calculate the highest common divisor of p and 59.
59
Let o(f) = 8*f**2 + 3*f + 2. Let v be o(-2). Let j = 472 + -177. Suppose 3*m - j + 274 = 0. What is the greatest common divisor of v and m?
7
Let g(z) = 77*z + 3007. Let v be g(-26). What is the highest common divisor of 1206 and v?
201
Let t be (-20016)/(-588) + (-14)/343. Calculate the greatest common factor of 442 and t.
34
Let p be ((-33)/(-2))/((-3)/(-6)). Let g = 9 - 8. Let m be 234 - (12/2 - (g + 2)). Calculate the highest common factor of p and m.
33
Let u(i) = i**3 + 6*i**2 + 2*i + 7. Let s be u(-4). Let h be 155/s - 1*5. Let n be (-30)/20 + (-58)/(-4) - h. What is the highest common factor of n and 13?
13
Let z be 100/160*(8 - 0). Let a(m) = 15*m - 58. Let o be a(z). Suppose -54 - 3 = -3*k + 2*i, -k + i = -20. Calculate the highest common factor of o and k.
17
Let x be 10/(-2) + (-6)/6. Let u be 2*27/12*292/x. Let i be 8/20 + (-1 - u/15). What is the highest common divisor of i and 56?
14
Let u be (-21)/(-7) + ((-1851)/(-3) - 5) - 5. What is the greatest common divisor of 70 and u?
10
Suppose 5348 = 4*w + 10*w. Suppose w = -y + 389. What is the highest common factor of y and 35?
7
Let y be (-900 - -893)/(-1 - (-3)/4). Calculate the highest common factor of 7294 and y.
14
Suppose -2*z + 1738 = -2340 + 230. Calculate the highest common factor of z and 37.
37
Suppose 81 = 4*l - p, -p = 5*l - 135 + 27. Let k be (-184)/(-18) - 4/18. Let h = l - k. Calculate the greatest common divisor of h and 121.
11
Let w = -11 - -21. Suppose 2*x + 5*a = 635, 4*x = -a - 1002 + 2209. What is the highest common factor of w and x?
10
Let k = -344 - -349. Suppose -3*m + 12 = 0, 5*m - 9*m = -k*c + 264. What is the highest common factor of c and 8?
8
Let m(l) = -200*l + 3. Let d be m(0). What is the greatest common divisor of 121 and d?
1
Suppose -4*n - 16 = -0, -34 = -c + n. Calculate the greatest common divisor of c and 1335.
15
Let l(n) = n**2 + n - 11. Suppose -4*b - 3*h + 9 = 0, -2*h - 5 = 5*b - 18. Let p be l(b). Let i = p + 9. What is the highest common factor of i and 10?
10
Let m(q) = -q**3 - 18*q**2 - 18*q. Let z be m(-18). Let a be ((-36)/21)/(111/(-777)). What is the greatest common divisor of a and z?
12
Suppose 42*w + 57748 - 287404 = 0. What is the highest common factor of w and 2?
2
Suppose -31*r - 15*r + 21246 = -19326. What is the highest common divisor of r and 28?
14
Suppose -360 = -5*u + 35. Let d = u + -62. Calculate the greatest common divisor of d and 187.
17
Suppose t = -5*m + 3*t + 89, 2*t = 4*m - 70. Suppose 0 = -m*z + 62*z - 1290. What is the highest common divisor of 15 and z?
15
Let h = -184 - -109. Let m = -69 - h. Suppose -1337 = -m*l + 13. Calculate the greatest common divisor of l and 45.
45
Let a(i) = i**3 + 7*i**2 + 3. Let w be a(-6). Suppose -678 = 16*u + 2954. Let m = u - -253. What is the greatest common factor of m and w?
13
Suppose -732 = -75*k + 318. Calculate the greatest common factor of k and 574.
14
Suppose -5*t = -2*t - 279. Suppose 322*g - 64942 = -15032. What is the greatest common factor of g and t?
31
Suppose 4*l - 4*o - 283 = o, o - 236 = -3*l. Suppose m + 120 = -5*r + 101, 5*m = 5*r + 145. What is the highest common factor of l and m?
7
Let l(r) be the third derivative of -13*r**4/12 + 17*r**3/2 - 2*r**2 + 27. Let b be l(-9). Calculate the greatest common divisor of b and 171.
57
Let d be ((-177)/(-27) + (-8)/(-18))/((-3)/(-12)). Calculate the greatest common divisor of d and 660.
4
Let s(j) = -4*j**2 - 67*j + 667. Let l be s(-22). What is the greatest common factor of 2132 and l?
41
Let f = -545 - -440. Let t be (1*f)/(-7) - 3. Calculate the highest common divisor of t and 276.
12
Suppose 2*c = c - r + 9, 0 = -3*c - r + 19. Let n be c + (163 - (-5 - -6) - -1). Calculate the greatest common factor of 12 and n.
12
Suppose 0 = 13*g - 18*g + 10. Let i be -3*4/((-4)/g). Suppose -2*l - 2*l = 3*b - 26, -5*b = 2*l - i. Calculate the greatest common factor of l and 8.
8
Suppose -79*c + 2100 = -69*c. Suppose -208*h = -c*h + 410. Calculate the highest common factor of h and 82.
41
Let i(g) = g**2 + 56*g - 2235. Let s be i(-83). What is the highest common divisor of s and 88?
2
Suppose 4*n - 163 = -n - 2*f, -129 = -4*n - 3*f. Suppose 42*v - 2*y = 44*v - 164, 0 = -2*v + 4*y + 134. What is the greatest common divisor of n and 